 Let d be (-57)/(-15) + (-2)/(-10). Let f be z(d). Let c = f - -6. What is the units digit of c?
2
What is the hundreds digit of (-6)/(-9) - 1020/(-9)?
1
Let y(p) = p**2 + 4*p - 15. What is the units digit of y(-7)?
6
Let m(j) = -6*j**3 + j**2 - j - 1. Let w(d) = d**2 + d - 2. Let l be w(2). Suppose 2*a = l*a + 2. What is the units digit of m(a)?
7
Suppose -1617 = -7*z - 483. What is the units digit of z?
2
Let n(v) = 0*v**2 + 1 - v**3 + v + 0*v + v**2. What is the tens digit of n(-2)?
1
Let x(l) = l + l**3 + l**2 - 5*l + 1 + 2*l**2. What is the units digit of x(-3)?
3
Suppose 0 = 3*m + m - 32. What is the units digit of m?
8
Suppose -1 = -2*i - 3*k, -5*k + 16 = 5*i - 2*k. Suppose -4*a = -w - 43, 4*a - 19 = i*w + 20. What is the units digit of a?
1
Suppose 0 = 6*r - 14*r + 672. What is the units digit of r?
4
Suppose 3*a + 2*k = 1, -3*k = a + 3 - 1. Let r = a - -3. What is the units digit of r?
4
Let d(j) = -j + 5. Let q be d(5). Suppose q = -2*z + 3*p + 65, -5*z + 3*p - 23 = -172. Suppose -z + 12 = -4*s. What is the units digit of s?
4
Suppose 20 = 5*r, -3*o + 2*r - 3*r = -49. What is the units digit of o?
5
Suppose k = g - 7, -4*g - 2*k = 3 - 25. Suppose -g*q + q = -3*l + 33, -5*l - 3*q = -89. What is the units digit of l?
6
Let t = -26 + 26. Let a = t + 25. What is the tens digit of a?
2
Let w(o) = -o - 1. Let f be w(-6). Suppose -10 - 5 = -f*z. Suppose 0 = -x + z. What is the units digit of x?
3
Let z(n) = 2*n**2 - 2*n - 1. Let s be z(2). Let f be 6/s + -3 - -3. Let b = f + 2. What is the units digit of b?
4
Let n(y) = -15*y - 4. Let f be n(-3). Suppose -5*j = -4 - f. What is the units digit of j?
9
Suppose -96 = 2*z - 6*z. Let a = z - 17. What is the units digit of a?
7
Let x be (-1 + -2)/(-1 + -2). Let v = 26 - x. What is the units digit of v?
5
Let l = -6 - -9. Suppose 4*u = l*u - 4. Let o(b) = b**3 + 4*b**2 - b. What is the units digit of o(u)?
4
Let u(v) = v. Let l(o) = -3 + 4 + 0 - 2. Let a(z) = -2*l(z) + u(z). What is the units digit of a(5)?
7
What is the hundreds digit of (-4)/(8/(-35))*96/15?
1
Let a = -83 + 161. What is the tens digit of a?
7
What is the units digit of -3 + -2 + 13 + 1?
9
Let h = -8 + -2. Let t(m) = -m**3 - 11*m**2 - 10*m. Let f be t(h). Suppose o - 1 = -f*o. What is the units digit of o?
1
Let d(w) = 5*w - 52. What is the tens digit of d(14)?
1
Suppose -6*s = -11*s + 610. What is the tens digit of s?
2
Let h(q) = -7*q**2 - 1. Let i be h(1). Let f = 7 + i. What is the tens digit of (16 - -2)*(-1)/f?
1
Let i be ((-6)/4)/3*2. Let g be 2 + i - -8 - 3. Suppose -p - p = -g. What is the units digit of p?
3
Let y(j) = -2*j**3 + 5 + j**2 + j**2 + 2*j + j**3 + 4*j**2. What is the tens digit of y(6)?
1
Suppose 4*f = -2*w + 7*w - 15, -4*f - 9 = -3*w. Suppose 0 = -x - 3*q + 2, -24 = x - w*x - q. What is the units digit of x?
4
Let h = 75 + -26. What is the tens digit of h?
4
Let t = 102 - 64. What is the tens digit of t?
3
Let p(x) = 6*x + 3. What is the units digit of p(7)?
5
Let v(p) = -10*p**3 + 2*p**2 + 6*p + 7. What is the units digit of v(-2)?
3
Suppose -15 = -5*j + 3*d, 4*j + 5*d + 2 + 23 = 0. Suppose 0 = -i + x + 2*x + 52, 2*i + 2*x - 72 = j. What is the units digit of i?
0
Let m(g) = -g**2 - 3*g - 1. Let w be m(-3). Let z = 11 + w. What is the tens digit of z?
1
Let b = 263 + -34. What is the hundreds digit of b?
2
Suppose n + 2*n = -u - 14, 5*u - 30 = 5*n. What is the units digit of u?
1
Let h(v) = 7*v - 6. What is the units digit of h(9)?
7
Let p be ((-6)/(-4))/(2/4). Let c = 5 - p. What is the tens digit of -2 + 36/3 + c?
1
Let f(p) = -p**2 - 1. Let t(q) = 10*q**2 + 2*q + 7. Let m(a) = 6*f(a) + t(a). What is the units digit of m(3)?
3
Suppose -15*c + 244 = -11*c. What is the units digit of c?
1
Let w(f) = -f**2 + 8*f - 5. Let x be w(7). Suppose 0 = 5*z - 5*a - 60, a - 5*a = -x*z + 22. What is the tens digit of z?
1
Suppose 3*d - 28 = -10. What is the units digit of d?
6
Let i be -3*((-64)/(-12))/(-4). Let z = -57 + 83. Suppose i*h + 4*w + 2 = z, 3*h = 4*w + 46. What is the units digit of h?
0
Let z be 6/(-6*(-3)/96). Suppose 4*i + 4*k + 8 - z = 0, -2*k + 24 = 4*i. Suppose -5*j + 7 = -2*n, 5*n + 4*j - 11 = i*n. What is the units digit of n?
9
Let v(c) = c - 1. Let l be v(0). Let z = l + -3. What is the units digit of (z + 2)/((-4)/2)?
1
Suppose 2*r - 7 = 13. Let b = r - -7. What is the tens digit of b?
1
Let z = -9 - -9. Suppose z*j = -2*j + 16. What is the units digit of j?
8
Suppose 4*c - 308 = -5*m, 5*c + 5*m = -0*c + 380. What is the units digit of c?
2
Let g(l) = 2*l - 5. Let z be g(5). Let t(n) = n**3 + z*n**2 - 2 - 2*n + 4 - 4. What is the units digit of t(-5)?
8
Let u(p) = 4*p + 2 + 2*p**2 + 0*p**2 - 2*p. Let y be 4/3*(-18)/12. What is the units digit of u(y)?
6
Let b = 0 - -2. Suppose 0*f + 9 = -3*f. What is the units digit of (f/b)/((-3)/2)?
1
Let r be (-16)/(-2)*(-10)/(-4). Suppose -2*i + r = 3*i. What is the units digit of i/20 + (-18)/(-10)?
2
Suppose 0 = 3*u - 9 + 33. Let o = u - -4. What is the units digit of 2/(3 + o + 2)?
2
Let c(h) = h**3 + 7*h**2 - h - 6. Suppose 2*g = -0*g - 14. What is the units digit of c(g)?
1
Suppose 0 = 2*b - 1 - 3. Let f be (2 - 1)/(2/4). Suppose -5*d - 45 + b = -3*i, -d = -f*i + 17. What is the units digit of i?
6
Let z = -28 - -62. What is the tens digit of z?
3
Suppose -5*o = -3*o + 54. What is the units digit of (4/(-12))/(3/o)?
3
Let m(n) = 3*n + 2. Let a be m(-6). What is the units digit of (-178)/(-6) + a/24?
9
Suppose 0 = -3*f + 9*f - 414. What is the units digit of f?
9
Suppose 0*x - 6 = 3*x. Let u = x - -17. What is the units digit of u?
5
Let n be (-4)/(-22) - 340/55. Let q = n - -13. What is the units digit of q?
7
Suppose -3*y - 5*i + 1079 = 78, -5*y + 5*i = -1735. What is the units digit of y?
2
Suppose 5*j - 297 = 3*g, 4*g + 201 = 4*j - 35. What is the units digit of j?
0
Let b(w) = 13*w**2. Let c = 3 - 2. What is the units digit of b(c)?
3
Suppose 2*p = -11 + 3, -a + 4*p = -14. Let y be (-12)/(a + (1 - 1)). What is the units digit of 3/y + (-69)/(-6)?
2
Let q(k) = -k + 12. Let r = -21 + 11. What is the tens digit of q(r)?
2
Let j(v) = -v + 1. What is the units digit of j(-9)?
0
Suppose 5*r = 4*r + 8. What is the units digit of r?
8
What is the units digit of 2/6*9 + 53?
6
Suppose 3*z + 12 = 0, 2*j - 28 = -0*j + 4*z. Let v = 12 - j. What is the units digit of v?
6
Suppose -p = -3*p + 92. Suppose 0 = 5*y + 6 - p. What is the units digit of y?
8
Suppose 0 = -m - 0*h + 2*h + 10, 0 = 4*m + 3*h - 84. What is the units digit of (-3)/m - (-993)/18?
5
Let f be (-4)/6 + 53/3. Suppose 5*b - 53 - f = 0. What is the units digit of b?
4
Suppose -s + 4*y = 9, -5*y + 3 = -0*s - 4*s. Suppose 0 = s*h - 2*h - 11. What is the tens digit of h?
1
Suppose -5*a + 114 = 4*d - 15, -2*d + 3*a + 59 = 0. Suppose 4*q = -i + 27, -d = -5*i + 2*i - 2*q. What is the units digit of i?
7
Let j(t) = -t**3 + 8*t**2 - 6*t - 4. Let r be j(7). Suppose -5*p - 83 = 4*w - 8*w, -2*w = -r*p - 43. What is the tens digit of w?
1
Let p = -1 - 1. Let i(k) = k**3 + 2*k**2 - 2*k - 1. Let o be i(p). Suppose z + o*r + 11 = 2*z, 26 = 4*z - 3*r. What is the units digit of z?
5
Let v(a) = a**3 - 14*a**2 + 19*a - 10. What is the units digit of v(13)?
8
Suppose -3*l = -2*r - 2 - 2, 2*r + 3*l = 8. What is the units digit of r?
1
Let q(o) = o**3 + 7*o**2 - 3*o - 10. Let m be q(-7). Let p(h) = -h**3 + 11*h**2 + 2*h - 1. What is the tens digit of p(m)?
2
Suppose 5*t + f = 690, -5*t = -2*f + 34 - 709. What is the tens digit of t?
3
Let z(f) = -f**3 - 5*f**2 - 6*f - 14. What is the units digit of z(-6)?
8
Let x = -89 - -217. What is the tens digit of x?
2
Suppose 0 = -8*g + 4*g + 184. What is the tens digit of g?
4
Let b be (6/9 + -2)*-3. Let u = 4 - b. Suppose 0*r - 5*r + 10 = u. What is the units digit of r?
2
Let i = -76 + 169. Suppose 3*d = -2*t + 19, d = 4*t - 4*d - i. What is the units digit of t?
7
Let o(t) = 26*t + 50. What is the hundreds digit of o(13)?
3
Let i(c) = c**3 - 2*c**2 - 2*c + 3. Let b be i(-3). What is the units digit of (8/(-16))/(2/b)?
9
Let g(h) = -h**2 + 16*h - 20. What is the units digit of g(13)?
9
Suppose 10*o - 6*o = 44. What is the units digit of o?
1
Let z(y) be the third derivative of y**5/60 + y**4/24 + 11*y**3/3 - 7*y**2. What is the tens digit of z(0)?
2
Suppose 5*z + 5*a - 214 